n(-12).
7
Let d(f) = -2*f**2 - 1484*f - 170181. What is d(-142)?
219
Let h(i) = -225*i + 9052. Determine h(55).
-3323
Let y(l) = l**3 - 75*l**2 + 129*l + 41. What is y(2)?
7
Let l(t) = 36*t**3 - 5*t**2 + 4*t. Calculate l(-1).
-45
Let c(r) = 330022*r - 22771517. Determine c(69).
1
Let h(l) = -1500*l - 13416. Calculate h(-9).
84
Let u(w) = w**2 + 3510*w + 2065966. Give u(-748).
-10
Let p(d) = 10*d**2 - 1054*d + 4431. What is p(101)?
-13
Let k(u) = -u**2 - 8616*u - 521807. Calculate k(-61).
48
Let c(f) = 3370*f + 1209747. Give c(-359).
-83
Let k(s) = s**3 - 4*s**2 + 123*s - 769. Give k(6).
41
Let c(f) = -2*f**3 + 45*f**2 + f + 562. Calculate c(23).
56
Let l(t) = -596*t + 3063. Determine l(6).
-513
Let i(y) = -93*y**2 - 34*y - 38. Determine i(-1).
-97
Let m(w) = 16*w**2 + 6158*w + 48204. Give m(-8).
-36
Let g(r) = -1345*r + 1920. Calculate g(2).
-770
Let f(s) = -10*s**2 + 690*s - 2036. What is f(3)?
-56
Let h(f) = -f**3 - 19*f**2 - 309*f - 4787. Determine h(-17).
-112
Let c(b) = -2*b**3 + 90*b**2 - 521*b + 679. Give c(2).
-19
Let a(o) = 8*o**2 + 1591*o + 5654. Calculate a(-195).
-391
Let m(o) = -o**3 + 246*o**2 - 2802*o - 104. Determine m(12).
-32
Let m(p) = -1026*p + 288322. Calculate m(281).
16
Let f(z) = 248*z - 32496. Calculate f(131).
-8
Let h(i) = 5*i**2 - 6480*i + 25909. What is h(4)?
69
Let s(w) = -2*w**3 + 3*w**2 - 8*w + 74. Give s(9).
-1213
Let y(x) = -227*x + 10928. Calculate y(48).
32
Let c(q) = q**3 + 28*q**2 - 548*q - 575. Calculate c(-41).
40
Let z(j) = -j**2 - 163*j - 3517. Give z(-29).
369
Let b(n) = 118*n - 9169. Determine b(76).
-201
Let i(z) = 172*z**2 + 5211*z + 5208. Calculate i(-1).
169
Let o(h) = -277*h + 21544. Calculate o(78).
-62
Let f(x) = 5*x**2 - 869*x - 10971. What is f(-13)?
1171
Let y(l) = 445*l - 11088. What is y(24)?
-408
Let l(t) = -207989*t + 1663958. What is l(8)?
46
Let l(d) = d**3 - 217*d**2 + 2271*d - 1484. Give l(206).
-454
Let q(o) = 2*o**2 - 162*o + 1784. Determine q(72).
488
Let j(w) = 38*w**3 + 949*w**2 - 28*w - 91. Determine j(-25).
-16
Let t(n) = 131*n**2 - 850*n + 5190. What is t(6)?
4806
Let t(a) = 8*a**2 - 298*a + 1130. What is t(31)?
-420
Let d(q) = -2*q**2 + 876*q - 22263. Give d(27).
-69
Let l(x) = -10*x**2 + 122*x + 608. What is l(16)?
0
Let c(u) = 26796*u + 535933. What is c(-20)?
13
Let g(n) = -1447*n - 467382. Determine g(-323).
-1
Let a(s) = 36798*s - 441451. Calculate a(12).
125
Let a(z) = -31*z**3 - 104*z**2 - 2*z - 27. Calculate a(-3).
-120
Let w(q) = 8*q**2 - 2337*q + 11656. Calculate w(5).
171
Let x(a) = a**3 - 32*a**2 + 163*a + 5. Calculate x(20).
-1535
Let i(h) = 8759*h + 280286. Determine i(-32).
-2
Let m(p) = 81*p + 1638. Calculate m(-7).
1071
Let y(q) = q**3 - 3*q**2 - 663*q + 241. Calculate y(25).
-2584
Let b(o) = 108746*o + 34037497. Determine b(-313).
-1
Let l(k) = -1879611*k + 5638857. Calculate l(3).
24
Let i(h) = 143*h**2 - 5*h - 1. Determine i(2).
561
Let n(w) = 58895*w + 65667930. Determine n(-1115).
5
Let t(m) = -m**2 - 1024*m - 192448. Determine t(-776).
0
Let y(r) = r**3 + 58*r**2 - 50*r - 1965. Calculate y(-58).
935
Let o(z) = 6*z**2 - 719*z + 21279. Calculate o(64).
-161
Let p(m) = 3*m**3 + 95*m**2 - 140*m + 25. Calculate p(-33).
289
Let b(o) = -o**3 - 139*o**2 + 895*o + 3619. Determine b(-145).
-6
Let l(r) = -71*r**2 + 381*r + 251. Calculate l(6).
-19
Let q(i) = 1822*i - 189488. Determine q(104).
0
Let t(q) = -655483*q + 655518. Determine t(1).
35
Let r(b) = 1109*b - 4430. Calculate r(4).
6
Let o(v) = 2*v**3 + 208*v**2 + 590*v - 359. What is o(-101)?
1257
Let l(x) = -x**3 + x**2 + 3982*x - 4. Calculate l(0).
-4
Let f(x) = -x**2 - 1546*x - 367075. Give f(-293).
54
Let z(b) = 11*b**2 - 14445*b - 57805. Determine z(-4).
151
Let p(t) = 1127*t - 27004. Give p(24).
44
Let k(z) = -2*z**3 + 33*z**2 - 120*z + 1189. Determine k(15).
64
Let c(h) = 47088*h - 11018595. Give c(234).
-3
Let r(d) = 17*d**2 - 225*d - 1066. Give r(17).
22
Let k(t) = -t**3 - 169*t**2 + 3993*t - 71. Calculate k(21).
-8
Let m(o) = o**3 - 31*o**2 - 989*o + 30144. Give m(34).
-14
Let s(f) = 803*f - 3230. Give s(4).
-18
Let m(j) = j**2 - 710*j + 118220. Give m(444).
116
Let i(j) = 36*j**2 - 2315*j - 29824. Determine i(-11).
-3
Let s(c) = 193*c**2 - 10444*c + 1185. Calculate s(54).
-3
Let r(d) = 2161*d + 140362. Give r(-65).
-103
Let w(i) = 16261*i + 16472. Calculate w(-1).
211
Let u(h) = -h**3 - 7*h**2 - 190*h - 1877. Give u(-9).
-5
Let i(w) = -w**3 + 6*w**2 + 208*w + 232. Calculate i(-11).
1
Let v(k) = 9*k**2 + 445*k + 1390. Determine v(-46).
-36
Let j(q) = -2*q**3 + 76*q**2 - 400*q - 17. What is j(31)?
1037
Let c(y) = 8*y**2 + 3576*y - 90597. Determine c(24).
-165
Let o(b) = 922*b - 10103. Calculate o(11).
39
Let k(a) = 3*a**2 - 21*a - 1970. What is k(30)?
100
Let j(i) = -10*i**2 - 1384*i - 449. What is j(-138)?
103
Let p(f) = f**3 - 6*f**2 - 906*f + 4753. Calculate p(5).
198
Let b(d) = -939*d - 47859. Calculate b(-51).
30
Let o(b) = 2*b**3 - 194*b**2 + 1587*b - 177. Give o(88).
87
Let x(l) = 2907*l + 41452. What is x(-15)?
-2153
Let k(q) = -q**3 + 121*q**2 + 488*q - 98. Give k(-4).
-50
Let i(b) = b**3 - 238*b**2 - 9232*b + 240223. Determine i(269).
6
Let y(b) = -9*b**3 - 213*b**2 + 216*b + 3436. Determine y(-24).
-20
Let d(j) = -j**3 + 184*j**2 - 415*j + 42460. Calculate d(183).
4
Let y(p) = 3*p**2 + 518*p + 8439. Calculate y(-18).
87
Let o(k) = -25589*k - 101110. Determine o(-4).
1246
Let d(t) = -2*t**3 + 261*t**2 + 1229*t - 1913. What is d(135)?
-23
Let t(y) = 305689*y - 1222759. Determine t(4).
-3
Let j(x) = x**2 - 966*x - 34367. Determine j(-35).
668
Let h(d) = d**3 + 114*d**2 - 61235*d + 9949. Determine h(-311).
-3
Let m(i) = 2*i**3 + 49*i**2 - 92*i - 2959. Calculate m(-23).
744
Let x(d) = 2*d**2 + 11589*d - 185929. Give x(16).
7
Let o(j) = -58*j**2 - 561*j + 101. Determine o(-10).
-89
Let f(l) = 17580*l + 175852. What is f(-10)?
52
Let a(d) = 2*d**2 + 107*d - 5662. Determine a(-91).
1163
Let y(w) = 489*w - 40925. Give y(84).
151
Let t(b) = -5*b**2 - 40*b + 1058. Calculate t(-22).
-482
Let c(i) = 699*i - 490. Give c(3).
1607
Let s(o) = -o**3 + 7244*o - 10. Give s(0).
-10
Let p(v) = -97*v**2 - 838*v + 4232. What is p(5)?
-2383
Let g(x) = 1039*x + 24886. Determine g(-24).
-50
Let j(i) = -1146*i + 194. Give j(-1).
1340
Let f(y) = y**2 + 1295*y + 81092. Give f(-66).
-22
Let u(l) = -l**3 + 51*l**2 - 112*l - 2966. Calculate u(10).
14
Let s(y) = y**3 + 51*y**2 + 31*y + 672. What is s(-50)?
1622
Let k(u) = -2*u**2 - 1894*u - 255642. Determine k(-163).
-58
Let j(m) = 343*m - 1833. What is j(11)?
1940
Let p(o) = -o**2 - 1510*o - 14969. Determine p(-10).
31
Let z(i) = 24*i**3 + 836*i**2 - 833*i + 5. Determine z(1).
32
Let d(c) = -4*c**2 + 533*c + 1577. Calculate d(-3).
-58
Let p(h) = -111*h**2 + 93*h + 161. Give p(-3).
-1117
Let j(i) = -2171251*i + 21712503. Determine j(10).
-7
Let z(u) = 24941*u - 773146. Give z(31).
25
Let u(m) = 3*m**2 - 110*m - 2055. Determine u(-14).
73
Let q(d) = -4*d**2 - 74*d + 1496. Calculate q(11).
198
Let k(p) = -542*p - 10096. Give k(-17).
-882
Let z(y) = -385*y - 110851. Give z(-290).
799
Let p(m) = 183783*m + 2021618. Give p(-11).
5
Let q(o) = -o**3 + 48*o**2 + 171*o - 2716. Give q(50).
834
Let y(k) = 34*k**2 - 40*k + 9. Determine y(-9).
3123
Let x(a) = -645*a**2 + 1283*a + 14. Give x(2).
0
Let s(b) = -11*b**2 - 4663*b + 4661. Calculate s(1).
-13
Let r(l) = -2*l**3 - 8*l**2 + 39*l + 276. Calculate r(-9).
735
Let g(k) = 1096*k**2 - 351*k - 6. Determine g(1).
739
Let z(f) = f**2 - 28419*f - 341227. Determine z(-12).
-55
Let h(b) = b**3 - 254*b**2 + 1505*b - 103. Give h(6).
-1
Let n(l) = 3*l**2 + 12691*l + 1227021. Determine n(-99).
15
Let o(n) = 3*n**3 + 1018*n**2 + 1333*n - 6570. What is o(-338)?
-148
Let q(t) = -t**3 + 3*t**2 - 525*t + 3792. Calculate q(7).
-79
Let z(h) = -43*h**2 + 40*h + 321. What is z(-5)?
-954
Let g(m) = -21867*m + 1443251. Give g(66).
29
Let q(t) = 1326*t - 3739. What is q(3)?
239
Let t(c) = 3890*c + 198400. What is t(-51)?
10
Let n(q) = -2*q**3 + 159*q**2 + 12*q + 5330. Calculate n(80).
-110
Let x(s) = -5*s**3 + 89*s**2 + 291*s + 35. Calculate x(20).
1455
Let q(n) = -50*n**3 - 55251*n**2 - 1102*n + 3310. Give q(-1105).
-5
Let u(w) = -w**3 - 27*w**2 - 52*w + 113. Calculate u(-24).
-367
Let l(t) = -2*t**3 - 96*t**2 - 86*t - 32. What is l(-47)?
-408
Let 